 29. Suppose 135 = -5*v - 10. Let o be q(v). Let h(p) = -p + 9. Determine h(o).
9
Let h be (3 + (-525)/(-9))*45/(-20). Let a = h - -143. Let j(c) = -c**2 + 3*c + 7. Determine j(a).
-3
Let l(r) = 18*r - 34 + 133 - 87. Give l(-4).
-60
Let a = 125 + -88. Let n = a - 46. Let l(h) = -h**2 - 8*h + 8. Give l(n).
-1
Let k(m) = -7*m + 22. Let p = 7879 + -7865. Give k(p).
-76
Let u(w) = w**2 - 53. Suppose -92*a + 4*a = -6*a. What is u(a)?
-53
Let a(b) = 4*b**2 - 10*b - 5. Let y(k) = -13*k - 2*k**2 + 2 + 16*k + k. Let m(r) = -3*a(r) - 5*y(r). Give m(6).
-7
Let k(a) be the first derivative of 3*a**3 + 77*a**2 + 18*a - 7020. What is k(-17)?
1
Let g(r) = -519*r - 2 + 516*r - 21. Give g(-10).
7
Suppose -5*o = -o - 8. Suppose 3*z + o = 5*z. Suppose 3*u = -5*w - 3 - z, -5*w + u - 12 = 0. Let n(r) = -4*r**2 - 3*r. Give n(w).
-10
Let p(f) = 8*f - 21. Let x be p(2). Let z(u) be the first derivative of -2*u**2 - 18*u + 54. What is z(x)?
2
Let m(p) = p**3 + 5*p**2 + 4*p - 1. Let f be -3*((-15216)/(-18))/8. Let t = 313 + f. Give m(t).
-1
Let l(j) be the third derivative of 0*j - 1/24*j**4 + 0 + 20*j**2 + 1/60*j**5 + 5/6*j**3. Suppose -40*v = -43*v. Give l(v).
5
Suppose 2*w = 4*w + 3*w. Let m(s) = s**3 - 2*s + 4. Let b be m(w). Let i(y) = 2*y - b*y - y**2 - 3*y - 3*y + 5. Determine i(-7).
12
Let m(l) = 119*l + 235. Let x be m(-2). Let h(i) = -4*i**2 - 6*i - 1. Determine h(x).
-19
Let v(x) = 479*x**2 - 7*x + 26. Let s(j) = 400*j**2 - 6*j + 22. Let q(c) = 13*s(c) - 11*v(c). Determine q(1).
-70
Let m(n) = -30 + 3*n**2 + 11 + 10 + 7. Let i = -37 - -73. Let t = i - 38. What is m(t)?
10
Let p(h) = -h**3 - 7*h**2 - 6*h - 1. Let s(c) = c**3 + 8*c**2 - 7*c + 40. Let v(z) = -2*z + 1. Let r(f) = s(f) + 4*v(f). Let y be r(-10). What is p(y)?
-1
Let k be -9 + 12 + (2/(-1))/2. Let v be (66*(k - 1))/2. Let s(t) = -3*t - 34 - t**2 + 0*t**2 + v + 0*t**2. Determine s(-5).
-11
Let k be (1/(-2)*6)/(21/(-728)). Let v = 101 - k. Let c(d) = d + 2. Calculate c(v).
-1
Let s(d) = d**3 + 64*d**2 + 14*d + 6. Let t(q) = -3*q**3 - 173*q**2 - 41*q - 19. Let k(p) = -11*s(p) - 4*t(p). What is k(11)?
-1
Let k(h) = 117*h + 225. Let m be k(-2). Let v(y) = -2*y**3 - 8*y**2 - 4*y**3 + 10*y + 6 + 5*y**3 - y. What is v(m)?
6
Let g(c) = -c**2 + 22. Let u(q) = -31 + 4*q + 5 - 20 + 4. Let w be u(11). Let k be 12 + -10 + w + -6 + 2. Determine g(k).
22
Let t(b) = -7*b**2 + 57*b - 3. Let m be t(8). Let f(a) be the third derivative of a**5/30 - a**4/4 - a**3/6 + 19*a**2. What is f(m)?
19
Let y(d) = d - 4. Suppose 2130 = 61*k - 55*k. Let t = -351 + k. Calculate y(t).
0
Let o(j) = 3*j**2 - 76*j - 225. Let v be o(28). Let m(w) = -29*w**3 + w**2 - 2*w - 2. Give m(v).
30
Let f(g) = -78*g + 4. Let c(n) = 366*n + 14639. Let a be c(-40). What is f(a)?
82
Let m(u) = u**3 - 13*u**2 - 31*u + 21. Let j(w) = -206*w + 3105. Let s be j(15). What is m(s)?
6
Let w(g) = -2*g + 3. Let f(a) = -a - 15. Let y(t) = -5*t. Let l be y(3). Let k be f(l). Let s = -6 - k. Determine w(s).
15
Let w(s) be the third derivative of s**4/8 + 3*s**3/2 + s**2. Let g be -5*((-24)/(-44))/((-80)/(-176)). What is w(g)?
-9
Let z = -254 + 130. Let d = 122 + z. Let t(i) = i**3 + i**2 - 3*i - 3. Give t(d).
-1
Let b(y) = -194*y - 926. Let f(u) = -65*u - 314. Let v(i) = 5*b(i) - 14*f(i). Calculate v(-4).
6
Let m(u) be the second derivative of 0 - 1/12*u**4 + u**2 + 218*u - 5/6*u**3. Calculate m(-5).
2
Let a(c) = -3*c + 2*c**2 + c**3 - 1 + 0*c**2 - 3*c**2. Suppose 0 = -2*b - 4*t + 43 - 39, -3*b = -4*t + 14. Calculate a(b).
-7
Let k(b) be the first derivative of 28 + 1/4*b**4 - 4/3*b**3 + 7*b - b**2. Let v(x) = x + 17. Let y be v(-12). Give k(y).
22
Let b(p) = -7*p**2 - 9*p - 2. Suppose 3*w = -3*j - 3, 0*w + 3*w + 2 = -2*j. Let a(s) = -s**3 - s**2. Let y(c) = j*a(c) + b(c). Give y(7).
-16
Let s(y) = -y**2 + 6 + 2*y - 5*y + 0*y**2 + 17*y. Let c(q) = q**3 - 4*q**2 - 45*q + 14. Let v be c(9). What is s(v)?
6
Let v(j) = j + 5. Let k be v(-5). Let q(w) = 3*w - 5*w**2 + 4*w - 2 + 4*w**2 + k*w. Let t(u) = -u**3 - 7*u**2 + 2*u + 19. Let g be t(-7). Give q(g).
8
Suppose -23*m + 3*x = -28*m - 31, -3*x = 21. Let o(y) = -21*y**2 - y + 4. Calculate o(m).
-78
Let t(w) = -2*w**2 + 4*w - 3. Let s be t(3). Let j(i) = -3784*i + 1886*i + 9 + 1900*i. Calculate j(s).
-9
Let k(q) = 3*q**2 + 2*q + 4. Let b be k(3). Let f(x) = 3*x - 107. Determine f(b).
4
Let x(d) = -7*d + 3. Let s(a) = 36 - 37 + a + 0*a. Let f(c) = 2*s(c) + x(c). Calculate f(-1).
6
Let m(j) be the second derivative of 1/2*j**2 + 9*j - 1/6*j**3 + 0. Let a(v) = v - 2. Let q(n) = 6*a(n) + 7*m(n). What is q(-7)?
2
Let t be 116*(-1)/(-8)*2. Let o(d) = -30 - t + 52 + d. Let z be (-1 + 2 + -1)/(-1). Calculate o(z).
-7
Let c(y) = -19*y - y**2 - 2 + 51*y - 17*y - 24*y. Let v(p) = p**3 - 13*p**2 - 22*p + 106. Let g be v(14). Give c(g).
16
Let n(d) = 195*d - 59*d - 61*d - 61*d. Let u(q) = -q**3 - 5*q**2 - 2*q + 2. Let r be u(-5). Let c = 11 - r. Determine n(c).
-14
Let k(t) = -t**2 - 2*t + 5. Suppose 2*h = -2*h + h. Suppose h = -5*f + 2*p - 22, -f + 2*f = -3*p - 1. What is k(f)?
-3
Let v(c) = c**2 - 8*c + 12. Let d be v(7). Let b(l) = -l**3 - 13*l**2 - 4*l + 10. Let z(k) = -k**3 - 4*k**2 - k - 1. Let r(h) = -b(h) + 2*z(h). What is r(d)?
-2
Let p be 1*(-1 - 0 - -1). Let m(x) be the first derivative of x**3/6 + 7*x**2 + 30*x + 11. Let o(z) be the first derivative of m(z). Give o(p).
14
Suppose -6*i = 1365 - 3093. Let q = 285 - i. Let n(j) be the second derivative of -2*j**3/3 - 2*j**2 - 2*j. What is n(q)?
8
Let y(w) = -5*w + 12. Let g(q) = -4*q + 11. Let k(u) = 3*g(u) - 2*y(u). Let r = 56 - 93. Let s = r + 42. What is k(s)?
-1
Let b(c) = -3*c - 36. Let l(v) = -373*v + 8200. Let n be l(22). What is b(n)?
-18
Let v(h) = -8*h + 1. Let f(g) = -9*g**3 - 3*g**2 - 21*g + 4. Let u(t) = -f(t) + 3*v(t). Determine u(1).
8
Let m(n) = n**2 + 3*n - 2. Let p(a) = 2*a**3 + 12*a**2 + 19*a - 3. Let f be p(-2). Calculate m(f).
52
Let g(v) = 0*v - v**3 + 16*v**2 - 4*v - 3 - 19*v**2. Suppose 0 = -6*m + 170 + 298. Let j = 76 - m. Determine g(j).
1
Let u(a) = -6*a + 3*a + 5*a**2 + 17*a**2 + 12 + 11*a + 5*a. Determine u(-1).
21
Let q(l) = l**3 - 10*l**2 - 195*l + 1963. Let n be q(10). Let r(x) = 22*x - 277. Determine r(n).
9
Let j be (0 + 57/76)*-4. Let c(w) = 2*w**2 + 1. Let a be c(-1). Let r(g) = 2 - a*g + 0 + 2*g. Calculate r(j).
5
Let i(y) = -y**3 + 15*y**2 + 184*y + 6. Let f be i(-8). Let v(a) be the third derivative of a**5/60 - a**4/8 - 2*a**3/3 + a**2. Determine v(f).
14
Let a = -529 + 819. Let f(l) = 289 + 28*l - 579 + a. Give f(1).
28
Let m(a) = -a**2 - 5*a + 10. Let x be (-12 - -15) + -11 + (-1)/(-3)*0. What is m(x)?
-14
Let p(n) = 4*n - 18. Let j(v) = -7*v + 35. Let u(k) = -3*j(k) - 5*p(k). Let o = 71557 - 71543. Calculate u(o).
-1
Let l(n) be the second derivative of -n**4/12 - 11*n**3/6 - 7*n**2/2 - 589*n. What is l(-6)?
23
Let q(t) = t**2 - 5*t - 8. Let k be q(4). Let g(v) = -79*v**3 + 3*v**2 + 8*v + 5. Let n(a) = -63*a**3 + 5*a**2 + 9*a + 6. Let c(z) = 4*g(z) - 5*n(z). Give c(k).
2
Let a(g) = g**3 - g**2 + g - 6. Suppose 5 + 15 = 5*s + 5*r, -3*s - 8 = -2*r. Let j be a(s). Let q(p) = p**2 + 4*p + 8. Determine q(j).
20
Suppose -2 = -77*o + 78*o. Let b(i) = -i**2 - 4*i - 5. Give b(o).
-1
Suppose -7*p + 6 = -29. Suppose -5*v - 5*h = -9*h - 32, v - p*h = -2. Let d be (1 - v) + 0 + -4. Let y(n) = n + 8. Calculate y(d).
-3
Let k be 56/(-7)*1/(-2). Suppose -2*f - 3*f = 4*h - 16, -k*h = -f + 8. Let r(v) = -49 + f*v + 49. Calculate r(2).
8
Let t(h) = -6*h**3 + 4*h**2 - 7*h + 29. Let s(m) = 7*m**3 - 3*m**2 + 6*m - 31. Let l(d) = -4*s(d) - 5*t(d). Determine l(5).
84
Let a(p) = -5*p**2 + 6*p**2 - 13*p - 36*p + 41*p + 58 - 16*p. Calculate a(20).
-22
Suppose -2*d = 2*y - 6, 4*y + 6 + 6 = 2*d. Let k(w) = -w + 538. Let b(a) = -161. Let z(i) = -10*b(i) - 3*k(i). Determine z(d).
8
Let c(n) = n**3 - 47*n**2 + 4*n - 10. Let j(o) = -o**3 + 34*o**2 - 3*o + 9. Let f(l) = 3*c(l) + 4*j(l). Give f(-4).
-10
Let j(p) = p**3 - p + 3. Suppose -13*i + 9 = -22*i. Let o(r) = 5*r**3 + 7*r**2 - 10*r + 15. Let l(g) = i*o(g) + 6*j(g). Determine l(4).
-29
Suppose 33*v - 190 = -223. Let w(r) = 25*r**3 - 3*r**2 + 4*r + 9. Let s(h) = 12*h**3 - h**2 + 2*h + 4. Let i(p) = -7*s(p) + 3*w(p). Determine i(v).
8
Let o(f) = -4*f**2 - 4*f - 1. Let l(v) = -v**2 - v. Suppose 0 = -0*z +